{"id":146,"date":"2018-03-24T21:39:56","date_gmt":"2018-03-25T00:39:56","guid":{"rendered":"http:\/\/ppgusrn.cnat.ifrn.edu.br\/?page_id=146"},"modified":"2023-09-20T15:23:42","modified_gmt":"2023-09-20T18:23:42","slug":"organizacao-curricular","status":"publish","type":"page","link":"https:\/\/ppgusrn.cnat.ifrn.edu.br\/index.php\/organizacao-curricular\/","title":{"rendered":"Organiza\u00e7\u00e3o Curricular"},"content":{"rendered":"<div id=\"dslc-theme-content\"><div id=\"dslc-theme-content-inner\"><h3>OBRIGAT\u00d3RIAS<\/h3>\n<hr \/>\n<div class=\"row\">\n<div class=\"col-md-3\" style=\"background-color: #f5f6ff; border-right: 12px solid white;\">\n<div style=\"text-align: center; margin-top: 15px;\">Gest\u00e3o<br \/>\nSustent\u00e1vel<br \/>\nde<br \/>\nRecursos Naturais<\/div>\n<div style=\"font-size: 25px; font-weight: bold; text-align: center; margin-top: 15px;\">60H<\/div>\n<p>&nbsp;<\/p>\n<\/div>\n<div class=\"col-md-3\" style=\"background-color: #f5f6ff; border-right: 12px solid white;\">\n<div style=\"text-align: center; margin-top: 15px;\">Metodologia de Pesquisa Aplicada em Sustentabilidade de Recursos Naturais<\/div>\n<div style=\"font-size: 25px; font-weight: bold; text-align: center; margin-top: 15px;\">45H<\/div>\n<p>&nbsp;<\/p>\n<\/div>\n<div class=\"col-md-3\" style=\"background-color: #f5f6ff; border-right: 12px solid white;\">\n<div style=\"text-align: center; margin-top: 15px;\">Semin\u00e1rios de Experi\u00eancias e Pr\u00e1ticas de Saneamento, Sa\u00fade e Meio Ambiente<sup style=\"font-size: 19px;\">\u00a01<\/sup><\/div>\n<div style=\"font-size: 25px; font-weight: bold; text-align: center; margin-top: 15px;\">30H<\/div>\n<p>&nbsp;<\/p>\n<\/div>\n<div class=\"col-md-3\" style=\"background-color: #f5f6ff; border-right: 12px solid white;\">\n<div style=\"text-align: center; margin-top: 15px;\">Semin\u00e1rios de Experi\u00eancias e Pr\u00e1ticas de Gest\u00e3o de Recursos Naturais Sustent\u00e1veis<sup style=\"font-size: 19px;\">\u00a02<\/sup><\/div>\n<div style=\"font-size: 25px; font-weight: bold; text-align: center; margin-top: 15px;\">30H<\/div>\n<p>&nbsp;<\/p>\n<\/div>\n<\/div>\n<p>&nbsp;<\/p>\n<p style=\"margin: 0px; margin-top: 15px;\">1- Linha de Pesquisa de Saneamento Ambiental<\/p>\n<p>2- Linha de Pesquisa de Sustentabilidade e Gest\u00e3o de Recursos Naturais<\/p>\n<h3>ELETIVAS (SUSTENTABILIDADE E GEST\u00c3O DE RECURSOS NATURAIS E SANEAMENTO AMBIENTAL)<\/h3>\n<hr \/>\n<div class=\"row\">\n<div class=\"col-md-4\" style=\"background-color: #f5f6ff; border-right: 12px solid white;\">\n<div style=\"text-align: center; margin-top: 15px;\">Tecnologias, Inova\u00e7\u00f5es<br \/>\ne Gest\u00e3o de<br \/>\nRecursos Minerais<\/div>\n<div style=\"font-size: 25px; font-weight: bold; text-align: center; margin-top: 15px;\">45H<\/div>\n<p>&nbsp;<\/p>\n<\/div>\n<div class=\"col-md-4\" style=\"background-color: #f5f6ff; border-right: 12px solid white;\">\n<div style=\"text-align: center; margin-top: 15px;\">Pesquisa em Sustentabilidade de Recursos Naturais com SIG e Geoprocessamento<\/div>\n<div style=\"font-size: 25px; font-weight: bold; text-align: center; margin-top: 15px;\">45H<\/div>\n<p>&nbsp;<\/p>\n<\/div>\n<div class=\"col-md-4\" style=\"background-color: #f5f6ff; border-right: 12px solid white;\">\n<div style=\"text-align: center; margin-top: 15px;\">Pol\u00edticas P\u00fablicas, Sistemas Ambientais e Desenvolvimento Sustent\u00e1vel<\/div>\n<div style=\"font-size: 25px; font-weight: bold; text-align: center; margin-top: 15px;\">45H<\/div>\n<p>&nbsp;<\/p>\n<\/div>\n<\/div>\n<p>&nbsp;<\/p>\n<div class=\"row\">\n<div class=\"col-md-4\" style=\"background-color: #f5f6ff; border-right: 12px solid white;\">\n<div style=\"text-align: center; margin-top: 15px;\">Gest\u00e3o Urbana<br \/>\nSustent\u00e1vel<\/div>\n<div style=\"font-size: 25px; font-weight: bold; text-align: center; margin-top: 15px;\">45H<\/div>\n<p>&nbsp;<\/p>\n<\/div>\n<div class=\"col-md-4\" style=\"background-color: #f5f6ff; border-right: 12px solid white;\">\n<div style=\"text-align: center; margin-top: 15px;\">Biodiversidade, Energia e Sustentabilidade<\/div>\n<div style=\"font-size: 25px; font-weight: bold; text-align: center; margin-top: 15px;\">45H<\/div>\n<p>&nbsp;<\/p>\n<\/div>\n<div class=\"col-md-4\" style=\"background-color: #f5f6ff; border-right: 12px solid white;\">\n<div style=\"text-align: center; margin-top: 15px;\">Uso Eficiente da \u00c1gua no Sistema Solo-Planta-Atmosfera<\/div>\n<div style=\"font-size: 25px; font-weight: bold; text-align: center; margin-top: 15px;\">45H<\/div>\n<p>&nbsp;<\/p>\n<\/div>\n<\/div>\n<p>&nbsp;<\/p>\n<div class=\"row\">\n<div class=\"col-md-4\" style=\"background-color: #f5f6ff; border-right: 12px solid white;\">\n<div style=\"text-align: center; margin-top: 15px;\">Estrat\u00e9gias para a Sustentabilidade de Organiza\u00e7\u00f5es e de Cadeias Produtivas<\/div>\n<div style=\"font-size: 25px; font-weight: bold; text-align: center; margin-top: 15px;\">45H<\/div>\n<p>&nbsp;<\/p>\n<\/div>\n<div class=\"col-md-4\" style=\"background-color: #f5f6ff; border-right: 12px solid white;\">\n<div style=\"text-align: center; margin-top: 15px;\">Agricultura Sustent\u00e1vel<br \/>\ne Seguran\u00e7a Alimentar<br \/>\ne Nutricional<\/div>\n<div style=\"font-size: 25px; font-weight: bold; text-align: center; margin-top: 15px;\">45H<\/div>\n<p>&nbsp;<\/p>\n<\/div>\n<div class=\"col-md-4\" style=\"background-color: #f5f6ff; border-right: 12px solid white;\">\n<div style=\"text-align: center; margin-top: 15px;\">Sustentabilidade:<br \/>\nInstrumentos e<br \/>\nIndicadores<\/div>\n<div style=\"font-size: 25px; font-weight: bold; text-align: center; margin-top: 15px;\">45H<\/div>\n<p>&nbsp;<\/p>\n<\/div>\n<\/div>\n<p>&nbsp;<\/p>\n<div class=\"row\">\n<div class=\"col-md-4\" style=\"background-color: #f5f6ff; border-right: 12px solid white;\">\n<div style=\"text-align: center; margin-top: 15px;\">Tratamento de \u00c1gua<br \/>\ne Esgoto<\/div>\n<div style=\"font-size: 25px; font-weight: bold; text-align: center; margin-top: 15px;\">45H<\/div>\n<p>&nbsp;<\/p>\n<\/div>\n<div class=\"col-md-4\" style=\"background-color: #f5f6ff; border-right: 12px solid white;\">\n<div style=\"text-align: center; margin-top: 15px;\">Abastecimento de \u00c1gua e Esgotamento Sanit\u00e1rio<\/div>\n<div style=\"font-size: 25px; font-weight: bold; text-align: center; margin-top: 15px;\">45H<\/div>\n<p>&nbsp;<\/p>\n<\/div>\n<div class=\"col-md-4\" style=\"background-color: #f5f6ff; border-right: 12px solid white;\">\n<div style=\"text-align: center; margin-top: 15px;\">Gest\u00e3o e Tecnologia em Res\u00edduos S\u00f3lidos<\/div>\n<div style=\"font-size: 25px; font-weight: bold; text-align: center; margin-top: 15px;\">45H<\/div>\n<p>&nbsp;<\/p>\n<\/div>\n<\/div>\n<p>&nbsp;<\/p>\n<div class=\"row\">\n<div class=\"col-md-4\" style=\"background-color: #f5f6ff; border-right: 12px solid white;\">\n<div style=\"text-align: center; margin-top: 15px;\">Polui\u00e7\u00e3o e Controle Ambiental<\/div>\n<div style=\"font-size: 25px; font-weight: bold; text-align: center; margin-top: 15px;\">45H<\/div>\n<p>&nbsp;<\/p>\n<\/div>\n<div class=\"col-md-4\" style=\"background-color: #f5f6ff; border-right: 12px solid white;\">\n<div style=\"text-align: center; margin-top: 15px;\">T\u00f3picos Especiais I<\/div>\n<div style=\"font-size: 25px; font-weight: bold; text-align: center; margin-top: 15px;\">30H<\/div>\n<p>&nbsp;<\/p>\n<\/div>\n<div class=\"col-md-4\" style=\"background-color: #f5f6ff; border-right: 12px solid white;\">\n<div style=\"text-align: center; margin-top: 15px;\">T\u00f3picos Especiais II<\/div>\n<div style=\"font-size: 25px; text-align: center; font-weight: bold; margin-top: 15px;\">30H<\/div>\n<p>&nbsp;<\/p>\n<\/div>\n<\/div>\n<p>&nbsp;<\/p>\n<hr \/>\n<\/div><\/div>","protected":false},"excerpt":{"rendered":"<p>OBRIGAT\u00d3RIAS Gest\u00e3o Sustent\u00e1vel de Recursos Naturais 60H &nbsp; Metodologia de Pesquisa Aplicada em Sustentabilidade de Recursos Naturais 45H &nbsp; Semin\u00e1rios de Experi\u00eancias e Pr\u00e1ticas de Saneamento, Sa\u00fade e Meio Ambiente\u00a01&#8230;<\/p>\n","protected":false},"author":1,"featured_media":0,"parent":0,"menu_order":0,"comment_status":"closed","ping_status":"closed","template":"page-templates\/fullwidth.php","meta":{"footnotes":""},"_links":{"self":[{"href":"https:\/\/ppgusrn.cnat.ifrn.edu.br\/index.php\/wp-json\/wp\/v2\/pages\/146"}],"collection":[{"href":"https:\/\/ppgusrn.cnat.ifrn.edu.br\/index.php\/wp-json\/wp\/v2\/pages"}],"about":[{"href":"https:\/\/ppgusrn.cnat.ifrn.edu.br\/index.php\/wp-json\/wp\/v2\/types\/page"}],"author":[{"embeddable":true,"href":"https:\/\/ppgusrn.cnat.ifrn.edu.br\/index.php\/wp-json\/wp\/v2\/users\/1"}],"replies":[{"embeddable":true,"href":"https:\/\/ppgusrn.cnat.ifrn.edu.br\/index.php\/wp-json\/wp\/v2\/comments?post=146"}],"version-history":[{"count":162,"href":"https:\/\/ppgusrn.cnat.ifrn.edu.br\/index.php\/wp-json\/wp\/v2\/pages\/146\/revisions"}],"predecessor-version":[{"id":4591,"href":"https:\/\/ppgusrn.cnat.ifrn.edu.br\/index.php\/wp-json\/wp\/v2\/pages\/146\/revisions\/4591"}],"wp:attachment":[{"href":"https:\/\/ppgusrn.cnat.ifrn.edu.br\/index.php\/wp-json\/wp\/v2\/media?parent=146"}],"curies":[{"name":"wp","href":"https:\/\/api.w.org\/{rel}","templated":true}]}}