{"id":416,"date":"2018-04-14T14:47:52","date_gmt":"2018-04-14T17:47:52","guid":{"rendered":"http:\/\/ppgusrn.cnat.ifrn.edu.br\/?page_id=416"},"modified":"2018-07-29T00:36:38","modified_gmt":"2018-07-29T03:36:38","slug":"dissertations","status":"publish","type":"page","link":"https:\/\/ppgusrn.cnat.ifrn.edu.br\/index.php\/dissertations\/","title":{"rendered":"Dissertations"},"content":{"rendered":"<div id=\"dslc-theme-content\"><div id=\"dslc-theme-content-inner\"><div id=\"tablepress-8-scroll-wrapper\" class=\"tablepress-scroll-wrapper\">\n\n<table id=\"tablepress-8\" class=\"tablepress tablepress-id-8\">\n<thead>\n<tr class=\"row-1 odd\">\n\t<th class=\"column-1\">Year<\/th><th class=\"column-2\">Title<\/th><th class=\"column-3\">Name<\/th>\n<\/tr>\n<\/thead>\n<tbody class=\"row-hover\">\n<tr class=\"row-2 even\">\n\t<td class=\"column-1\">2016<\/td><td class=\"column-2\"><a href=\"https:\/\/memoria.ifrn.edu.br\/handle\/1044\/911\" rel=\"noopener\" target=\"_blank\">Sustainability Evaluation Of The Pitimbu River Hydrografic Basis<\/a><\/td><td class=\"column-3\">Vinicius Meressiev Melo de Oliveira<\/td>\n<\/tr>\n<tr class=\"row-3 odd\">\n\t<td class=\"column-1\">2017<\/td><td class=\"column-2\"><a href=\"https:\/\/memoria.ifrn.edu.br\/handle\/1044\/1186\" rel=\"noopener\" target=\"_blank\">Proposal of indicators to evaluate the environmental impact of wind farms in the perception of the inhabitants: the case of the Zumbi\/Rio do Fogo-RN settlement<\/a><\/td><td class=\"column-3\">Andr\u00e9ia Castro de Paula Nunes<\/td>\n<\/tr>\n<tr class=\"row-4 even\">\n\t<td class=\"column-1\">2017<\/td><td class=\"column-2\"><a href=\"https:\/\/memoria.ifrn.edu.br\/handle\/1044\/1183\" rel=\"noopener\" target=\"_blank\">Environmental diagnosis of rural communities in the Cobra River watershed for planning purposes with a view to mitigation<\/a><\/td><td class=\"column-3\">Elis\u00e2ngelo Fernandes da Silva<\/td>\n<\/tr>\n<tr class=\"row-5 odd\">\n\t<td class=\"column-1\">2017<\/td><td class=\"column-2\"><a href=\"https:\/\/memoria.ifrn.edu.br\/handle\/1044\/1380\" rel=\"noopener\" target=\"_blank\">Mapping of oil and grease spots in the Natal-RN port area using geoprocessing techniques and chemical water analysis<\/a><\/td><td class=\"column-3\">Jairo Rodrigues de Souza<\/td>\n<\/tr>\n<tr class=\"row-6 even\">\n\t<td class=\"column-1\">2017<\/td><td class=\"column-2\"><a href=\"https:\/\/memoria.ifrn.edu.br\/handle\/1044\/1179\" rel=\"noopener\" target=\"_blank\">Diagnosis of solid waste and waste from a red ceramics to implement cleaner production techniques<\/a><\/td><td class=\"column-3\">Robson Garcia da Silva<\/td>\n<\/tr>\n<tr class=\"row-7 odd\">\n\t<td class=\"column-1\">2017<\/td><td class=\"column-2\"><a href=\"https:\/\/memoria.ifrn.edu.br\/handle\/1044\/1376\" rel=\"noopener\" target=\"_blank\">Diagnosis of solid waste from ornamental rock mining at the Granorte quarry in Parelhas-RN for the application of cleaner production techniques<\/a><\/td><td class=\"column-3\">Ranieri de Ara\u00fajo Pereira<\/td>\n<\/tr>\n<tr class=\"row-8 even\">\n\t<td class=\"column-1\">2017<\/td><td class=\"column-2\"><a href=\"https:\/\/memoria.ifrn.edu.br\/handle\/1044\/1383\" rel=\"noopener\" target=\"_blank\">Socioeconomic and environmental consequences of wind farms for communities in the State Sustainable Development Reserve Ponta do Tubar\u00e3o<\/a><\/td><td class=\"column-3\">Oziel de Medeiros Pontes<\/td>\n<\/tr>\n<tr class=\"row-9 odd\">\n\t<td class=\"column-1\">2017<\/td><td class=\"column-2\"><a href=\"https:\/\/memoria.ifrn.edu.br\/handle\/1044\/1384\" rel=\"noopener\" target=\"_blank\">Study of the potential for formation of trihalomethanes in the water of Lagoa de Extremoz - RN<\/a><\/td><td class=\"column-3\">Rafaela Ribeiro de Oliveira<\/td>\n<\/tr>\n<tr class=\"row-10 even\">\n\t<td class=\"column-1\">2017<\/td><td class=\"column-2\"><a href=\"https:\/\/memoria.ifrn.edu.br\/handle\/1044\/1393\" rel=\"noopener\" target=\"_blank\">Proposal of a model of indicators to evaluate the environmental dimension of the IFRN as a management tool for the Green Campus Program<\/a><\/td><td class=\"column-3\">Maria Valiene Gomes de Oliveira<\/td>\n<\/tr>\n<tr class=\"row-11 odd\">\n\t<td class=\"column-1\">2017<\/td><td class=\"column-2\"><a href=\"https:\/\/memoria.ifrn.edu.br\/handle\/1044\/1388\" rel=\"noopener\" target=\"_blank\">Environmental Aging Evaluation of the polymer composite in the Wastewater Treatment Station of the Central System of Natal - RN - Brazil<\/a><\/td><td class=\"column-3\">Yldeney Silva Domingos<\/td>\n<\/tr>\n<tr class=\"row-12 even\">\n\t<td class=\"column-1\">2017<\/td><td class=\"column-2\"><a href=\"https:\/\/memoria.ifrn.edu.br\/handle\/1044\/1394\" rel=\"noopener\" target=\"_blank\">Contribution of the Decommissioning Program for the reduction of atmospheric emissions by the bus fleet of the Metropolitan Region of Natal-RN<\/a><\/td><td class=\"column-3\">Luara Musse de Oliveira<\/td>\n<\/tr>\n<tr class=\"row-13 odd\">\n\t<td class=\"column-1\">2017<\/td><td class=\"column-2\"><a href=\"https:\/\/memoria.ifrn.edu.br\/handle\/1044\/1387\" rel=\"noopener\" target=\"_blank\">Analysis of biomass and microalgal stabilization pond oil<\/a><\/td><td class=\"column-3\">Keville Pereira de Oliveira<\/td>\n<\/tr>\n<tr class=\"row-14 even\">\n\t<td class=\"column-1\">2017<\/td><td class=\"column-2\"><a href=\"https:\/\/memoria.ifrn.edu.br\/handle\/1044\/1392\" rel=\"noopener\" target=\"_blank\">Synthesis of activated carbon from the use of waste generated in a domestic sewage treatment plant<\/a><\/td><td class=\"column-3\">Marcelo Santos Santiago<\/td>\n<\/tr>\n<tr class=\"row-15 odd\">\n\t<td class=\"column-1\">2017<\/td><td class=\"column-2\"><a href=\"https:\/\/memoria.ifrn.edu.br\/handle\/1044\/1396\" rel=\"noopener\" target=\"_blank\">Biolixiviation: a biotechnological path to extract scheelite<\/a><\/td><td class=\"column-3\">Gabriella Cristina de Figueiredo Freire<\/td>\n<\/tr>\n<tr class=\"row-16 even\">\n\t<td class=\"column-1\">2017<\/td><td class=\"column-2\"><a href=\"https:\/\/memoria.ifrn.edu.br\/handle\/1044\/1390\" rel=\"noopener\" target=\"_blank\">Mapping of radon, thorium and uranium gas and heavy minerals in Potengi-RN River sands used in construction<\/a><\/td><td class=\"column-3\">Ozenildo Gil Silva de Souza<\/td>\n<\/tr>\n<tr class=\"row-17 odd\">\n\t<td class=\"column-1\">2017<\/td><td class=\"column-2\"><a href=\"https:\/\/memoria.ifrn.edu.br\/handle\/1044\/1397\" rel=\"noopener\" target=\"_blank\">Diagnosis of the water situation of the Pianc\u00f3-Piranhas-A\u00e7u basin in the Desertification Nucleus of the Serid\u00f3 Potiguar<\/a><\/td><td class=\"column-3\">Ana Valeria de Medeiros<\/td>\n<\/tr>\n<tr class=\"row-18 even\">\n\t<td class=\"column-1\">2017<\/td><td class=\"column-2\"><a href=\"https:\/\/memoria.ifrn.edu.br\/handle\/1044\/1391\" rel=\"noopener\" target=\"_blank\">Sustainability analysis of the solid waste management of the municipality of Parnamirim-RN<\/a><\/td><td class=\"column-3\">Giobert Antonio Brito Lopes<\/td>\n<\/tr>\n<tr class=\"row-19 odd\">\n\t<td class=\"column-1\">2017<\/td><td class=\"column-2\"><a href=\"https:\/\/memoria.ifrn.edu.br\/handle\/1044\/1401\" rel=\"noopener\" target=\"_blank\">Recovery of degraded area with prickly pear cultivation (Opuntia stricta Haw) fertilized with biosolids<\/a><\/td><td class=\"column-3\">Sylbenia Alves Machado Saraiva<\/td>\n<\/tr>\n<tr class=\"row-20 even\">\n\t<td class=\"column-1\">2017<\/td><td class=\"column-2\"><a href=\"https:\/\/memoria.ifrn.edu.br\/handle\/1044\/1398\" rel=\"noopener\" target=\"_blank\"> \t  Corporate Sustainability: definition of indicators for the energy sector and evaluation of electricity distributors in Brazil<\/a><\/td><td class=\"column-3\">Fausto Pereira Neto<\/td>\n<\/tr>\n<\/tbody>\n<\/table>\n\n<\/div><!-- #tablepress-8 from cache -->\n<\/div><\/div>","protected":false},"excerpt":{"rendered":"","protected":false},"author":1,"featured_media":0,"parent":0,"menu_order":0,"comment_status":"closed","ping_status":"closed","template":"","meta":{"footnotes":""},"_links":{"self":[{"href":"https:\/\/ppgusrn.cnat.ifrn.edu.br\/index.php\/wp-json\/wp\/v2\/pages\/416"}],"collection":[{"href":"https:\/\/ppgusrn.cnat.ifrn.edu.br\/index.php\/wp-json\/wp\/v2\/pages"}],"about":[{"href":"https:\/\/ppgusrn.cnat.ifrn.edu.br\/index.php\/wp-json\/wp\/v2\/types\/page"}],"author":[{"embeddable":true,"href":"https:\/\/ppgusrn.cnat.ifrn.edu.br\/index.php\/wp-json\/wp\/v2\/users\/1"}],"replies":[{"embeddable":true,"href":"https:\/\/ppgusrn.cnat.ifrn.edu.br\/index.php\/wp-json\/wp\/v2\/comments?post=416"}],"version-history":[{"count":4,"href":"https:\/\/ppgusrn.cnat.ifrn.edu.br\/index.php\/wp-json\/wp\/v2\/pages\/416\/revisions"}],"predecessor-version":[{"id":1801,"href":"https:\/\/ppgusrn.cnat.ifrn.edu.br\/index.php\/wp-json\/wp\/v2\/pages\/416\/revisions\/1801"}],"wp:attachment":[{"href":"https:\/\/ppgusrn.cnat.ifrn.edu.br\/index.php\/wp-json\/wp\/v2\/media?parent=416"}],"curies":[{"name":"wp","href":"https:\/\/api.w.org\/{rel}","templated":true}]}}